{"id":395,"date":"2024-08-05T19:46:17","date_gmt":"2024-08-05T17:46:17","guid":{"rendered":"https:\/\/www.esernyos.hu\/obudaisorfesztival\/?post_type=tribe_events&#038;p=395"},"modified":"2024-08-06T15:15:47","modified_gmt":"2024-08-06T13:15:47","slug":"mork","status":"publish","type":"tribe_events","link":"https:\/\/www.esernyos.hu\/obudaisorfesztival\/esemeny\/mork\/","title":{"rendered":"M\u00d6RK"},"content":{"rendered":"<p>A <i>M\u00f6rk<\/i> soul \u00e9s funk alapokra \u00e9p\u00fcl\u0151 zen\u00e9t j\u00e1tszik, mely elgondolkodtat\u00f3 t\u00e1rsadalmi, pszichol\u00f3giai \u00e9s h\u00e9tk\u00f6znapi t\u00e9m\u00e1ban \u00edr\u00f3dott dalsz\u00f6vegekkel, improviz\u00e1ci\u00f3val \u00e9s m\u00e1s st\u00edlus elemekkel egy\u00fctt k\u00fcl\u00f6nleges zenei \u00e9lm\u00e9nyt ny\u00fajt a hallgat\u00f3nak.<\/p>\n","protected":false},"excerpt":{"rendered":"<p>A M\u00f6rk soul \u00e9s funk alapokra \u00e9p\u00fcl\u0151 zen\u00e9t j\u00e1tszik, mely elgondolkodtat\u00f3 t\u00e1rsadalmi, pszichol\u00f3giai \u00e9s h\u00e9tk\u00f6znapi t\u00e9m\u00e1ban \u00edr\u00f3dott dalsz\u00f6vegekkel, improviz\u00e1ci\u00f3val \u00e9s m\u00e1s st\u00edlus elemekkel egy\u00fctt k\u00fcl\u00f6nleges zenei \u00e9lm\u00e9nyt ny\u00fajt a hallgat\u00f3nak.<\/p>\n","protected":false},"author":1,"featured_media":396,"comment_status":"closed","ping_status":"closed","template":"","meta":{"_tribe_events_status":"","_tribe_events_status_reason":"","footnotes":""},"tags":[],"tribe_events_cat":[],"class_list":["post-395","tribe_events","type-tribe_events","status-publish","has-post-thumbnail","hentry"],"_links":{"self":[{"href":"https:\/\/www.esernyos.hu\/obudaisorfesztival\/wp-json\/wp\/v2\/tribe_events\/395","targetHints":{"allow":["GET"]}}],"collection":[{"href":"https:\/\/www.esernyos.hu\/obudaisorfesztival\/wp-json\/wp\/v2\/tribe_events"}],"about":[{"href":"https:\/\/www.esernyos.hu\/obudaisorfesztival\/wp-json\/wp\/v2\/types\/tribe_events"}],"author":[{"embeddable":true,"href":"https:\/\/www.esernyos.hu\/obudaisorfesztival\/wp-json\/wp\/v2\/users\/1"}],"replies":[{"embeddable":true,"href":"https:\/\/www.esernyos.hu\/obudaisorfesztival\/wp-json\/wp\/v2\/comments?post=395"}],"version-history":[{"count":2,"href":"https:\/\/www.esernyos.hu\/obudaisorfesztival\/wp-json\/wp\/v2\/tribe_events\/395\/revisions"}],"predecessor-version":[{"id":551,"href":"https:\/\/www.esernyos.hu\/obudaisorfesztival\/wp-json\/wp\/v2\/tribe_events\/395\/revisions\/551"}],"wp:featuredmedia":[{"embeddable":true,"href":"https:\/\/www.esernyos.hu\/obudaisorfesztival\/wp-json\/wp\/v2\/media\/396"}],"wp:attachment":[{"href":"https:\/\/www.esernyos.hu\/obudaisorfesztival\/wp-json\/wp\/v2\/media?parent=395"}],"wp:term":[{"taxonomy":"post_tag","embeddable":true,"href":"https:\/\/www.esernyos.hu\/obudaisorfesztival\/wp-json\/wp\/v2\/tags?post=395"},{"taxonomy":"tribe_events_cat","embeddable":true,"href":"https:\/\/www.esernyos.hu\/obudaisorfesztival\/wp-json\/wp\/v2\/tribe_events_cat?post=395"}],"curies":[{"name":"wp","href":"https:\/\/api.w.org\/{rel}","templated":true}]}}

MÖRK

<p>A <i>Mörk</i> soul és funk alapokra épülő zenét játszik, mely elgondolkodtató társadalmi, pszichológiai és hétköznapi témában íródott dalszövegekkel, improvizációval és más stílus elemekkel együtt különleges zenei élményt nyújt a hallgatónak.</p>

<p>A Mörk soul és funk alapokra épülő zenét játszik, mely elgondolkodtató társadalmi, pszichológiai és hétköznapi témában íródott dalszövegekkel, improvizációval és más stílus elemekkel együtt különleges zenei élményt nyújt a hallgatónak.</p>
