{"id":407,"date":"2024-08-06T12:46:06","date_gmt":"2024-08-06T10:46:06","guid":{"rendered":"https:\/\/www.esernyos.hu\/obudaisorfesztival\/?post_type=tribe_events&#038;p=407"},"modified":"2024-08-06T15:16:21","modified_gmt":"2024-08-06T13:16:21","slug":"sondorgo","status":"publish","type":"tribe_events","link":"https:\/\/www.esernyos.hu\/obudaisorfesztival\/esemeny\/sondorgo\/","title":{"rendered":"S\u00d6ND\u00d6RG\u0150"},"content":{"rendered":"<p>A tradicion\u00e1lis zen\u00e9k \u0151sis\u00e9ge, a klasszikus zene kifinomults\u00e1ga, a rockzene energi\u00e1i \u00e9s Bart\u00f3k gondolkod\u00e1s\u00e1nak tisztas\u00e1ga jellemzi a magyar <i>S\u00f6nd\u00f6rg\u0151<\/i> egy\u00fcttest, a nemzetk\u00f6zi vil\u00e1gzenei sz\u00ednt\u00e9r egyik legizgalmasabb, leginnovat\u00edvabb, legsikeresebb zenekar\u00e1t.<\/p>\n","protected":false},"excerpt":{"rendered":"<p>A tradicion\u00e1lis zen\u00e9k \u0151sis\u00e9ge, a klasszikus zene kifinomults\u00e1ga, a rockzene energi\u00e1i \u00e9s Bart\u00f3k gondolkod\u00e1s\u00e1nak tisztas\u00e1ga jellemzi a magyar S\u00f6nd\u00f6rg\u0151 egy\u00fcttest, a nemzetk\u00f6zi vil\u00e1gzenei sz\u00ednt\u00e9r egyik legizgalmasabb, leginnovat\u00edvabb, legsikeresebb zenekar\u00e1t.<\/p>\n","protected":false},"author":1,"featured_media":408,"comment_status":"closed","ping_status":"closed","template":"","meta":{"_tribe_events_status":"","_tribe_events_status_reason":"","footnotes":""},"tags":[],"tribe_events_cat":[],"class_list":["post-407","tribe_events","type-tribe_events","status-publish","has-post-thumbnail","hentry"],"_links":{"self":[{"href":"https:\/\/www.esernyos.hu\/obudaisorfesztival\/wp-json\/wp\/v2\/tribe_events\/407","targetHints":{"allow":["GET"]}}],"collection":[{"href":"https:\/\/www.esernyos.hu\/obudaisorfesztival\/wp-json\/wp\/v2\/tribe_events"}],"about":[{"href":"https:\/\/www.esernyos.hu\/obudaisorfesztival\/wp-json\/wp\/v2\/types\/tribe_events"}],"author":[{"embeddable":true,"href":"https:\/\/www.esernyos.hu\/obudaisorfesztival\/wp-json\/wp\/v2\/users\/1"}],"replies":[{"embeddable":true,"href":"https:\/\/www.esernyos.hu\/obudaisorfesztival\/wp-json\/wp\/v2\/comments?post=407"}],"version-history":[{"count":2,"href":"https:\/\/www.esernyos.hu\/obudaisorfesztival\/wp-json\/wp\/v2\/tribe_events\/407\/revisions"}],"predecessor-version":[{"id":552,"href":"https:\/\/www.esernyos.hu\/obudaisorfesztival\/wp-json\/wp\/v2\/tribe_events\/407\/revisions\/552"}],"wp:featuredmedia":[{"embeddable":true,"href":"https:\/\/www.esernyos.hu\/obudaisorfesztival\/wp-json\/wp\/v2\/media\/408"}],"wp:attachment":[{"href":"https:\/\/www.esernyos.hu\/obudaisorfesztival\/wp-json\/wp\/v2\/media?parent=407"}],"wp:term":[{"taxonomy":"post_tag","embeddable":true,"href":"https:\/\/www.esernyos.hu\/obudaisorfesztival\/wp-json\/wp\/v2\/tags?post=407"},{"taxonomy":"tribe_events_cat","embeddable":true,"href":"https:\/\/www.esernyos.hu\/obudaisorfesztival\/wp-json\/wp\/v2\/tribe_events_cat?post=407"}],"curies":[{"name":"wp","href":"https:\/\/api.w.org\/{rel}","templated":true}]}}

SÖNDÖRGŐ

<p>A tradicionális zenék ősisége, a klasszikus zene kifinomultsága, a rockzene energiái és Bartók gondolkodásának tisztasága jellemzi a magyar <i>Söndörgő</i> együttest, a nemzetközi világzenei színtér egyik legizgalmasabb, leginnovatívabb, legsikeresebb zenekarát.</p>

<p>A tradicionális zenék ősisége, a klasszikus zene kifinomultsága, a rockzene energiái és Bartók gondolkodásának tisztasága jellemzi a magyar Söndörgő együttest, a nemzetközi világzenei színtér egyik legizgalmasabb, leginnovatívabb, legsikeresebb zenekarát.</p>
