{"id":410,"date":"2024-08-06T12:50:00","date_gmt":"2024-08-06T10:50:00","guid":{"rendered":"https:\/\/www.esernyos.hu\/obudaisorfesztival\/?post_type=tribe_events&#038;p=410"},"modified":"2024-08-06T15:16:32","modified_gmt":"2024-08-06T13:16:32","slug":"romengo","status":"publish","type":"tribe_events","link":"https:\/\/www.esernyos.hu\/obudaisorfesztival\/esemeny\/romengo\/","title":{"rendered":"ROMENGO"},"content":{"rendered":"<p>Az id\u00e9n 20 \u00e9ves <i>Romengo<\/i> zenekar magyarorsz\u00e1gi ol\u00e1h-cig\u00e1ny zen\u00e9t j\u00e1tszik. Haz\u00e1nk legrangosabb ol\u00e1h-cig\u00e1ny zenekara azok ut\u00e1n, hogy sz\u00f3list\u00e1juk, Lakatos M\u00f3nika elnyerte a Womex \u00e9letm\u0171d\u00edj\u00e1t, amelyet a vil\u00e1gzene Oscarjak\u00e9nt is emlegetnek. Ezt k\u00f6vet\u0151en M\u00f3nika Kossuth-d\u00edjban r\u00e9szes\u00fclt. A tagok nagy r\u00e9sze ezt a muzsik\u00e1t anyanyelv\u00e9vel egy\u00fctt saj\u00e1t\u00edtotta el. A sz\u00fcl\u0151kt\u0151l tanult hagyom\u00e1nyos cig\u00e1ny n\u00e9pdalokkal \u00e9s saj\u00e1t sz\u00e1mokkal \u00e9s hangz\u00e1svil\u00e1ggal \u00e1ll sz\u00ednpadra a zenekar.<\/p>\n","protected":false},"excerpt":{"rendered":"<p>Az id\u00e9n 20 \u00e9ves Romengo zenekar magyarorsz\u00e1gi ol\u00e1h-cig\u00e1ny zen\u00e9t j\u00e1tszik. Haz\u00e1nk legrangosabb ol\u00e1h-cig\u00e1ny zenekara azok ut\u00e1n, hogy sz\u00f3list\u00e1juk, Lakatos M\u00f3nika elnyerte a Womex \u00e9letm\u0171d\u00edj\u00e1t, amelyet a vil\u00e1gzene Oscarjak\u00e9nt is emlegetnek. [&hellip;]<\/p>\n","protected":false},"author":1,"featured_media":411,"comment_status":"closed","ping_status":"closed","template":"","meta":{"_tribe_events_status":"","_tribe_events_status_reason":"","footnotes":""},"tags":[],"tribe_events_cat":[],"class_list":["post-410","tribe_events","type-tribe_events","status-publish","has-post-thumbnail","hentry"],"_links":{"self":[{"href":"https:\/\/www.esernyos.hu\/obudaisorfesztival\/wp-json\/wp\/v2\/tribe_events\/410","targetHints":{"allow":["GET"]}}],"collection":[{"href":"https:\/\/www.esernyos.hu\/obudaisorfesztival\/wp-json\/wp\/v2\/tribe_events"}],"about":[{"href":"https:\/\/www.esernyos.hu\/obudaisorfesztival\/wp-json\/wp\/v2\/types\/tribe_events"}],"author":[{"embeddable":true,"href":"https:\/\/www.esernyos.hu\/obudaisorfesztival\/wp-json\/wp\/v2\/users\/1"}],"replies":[{"embeddable":true,"href":"https:\/\/www.esernyos.hu\/obudaisorfesztival\/wp-json\/wp\/v2\/comments?post=410"}],"version-history":[{"count":2,"href":"https:\/\/www.esernyos.hu\/obudaisorfesztival\/wp-json\/wp\/v2\/tribe_events\/410\/revisions"}],"predecessor-version":[{"id":553,"href":"https:\/\/www.esernyos.hu\/obudaisorfesztival\/wp-json\/wp\/v2\/tribe_events\/410\/revisions\/553"}],"wp:featuredmedia":[{"embeddable":true,"href":"https:\/\/www.esernyos.hu\/obudaisorfesztival\/wp-json\/wp\/v2\/media\/411"}],"wp:attachment":[{"href":"https:\/\/www.esernyos.hu\/obudaisorfesztival\/wp-json\/wp\/v2\/media?parent=410"}],"wp:term":[{"taxonomy":"post_tag","embeddable":true,"href":"https:\/\/www.esernyos.hu\/obudaisorfesztival\/wp-json\/wp\/v2\/tags?post=410"},{"taxonomy":"tribe_events_cat","embeddable":true,"href":"https:\/\/www.esernyos.hu\/obudaisorfesztival\/wp-json\/wp\/v2\/tribe_events_cat?post=410"}],"curies":[{"name":"wp","href":"https:\/\/api.w.org\/{rel}","templated":true}]}}

<p>Az idén 20 éves <i>Romengo</i> zenekar magyarországi oláh-cigány zenét játszik. Hazánk legrangosabb oláh-cigány zenekara azok után, hogy szólistájuk, Lakatos Mónika elnyerte a Womex életműdíját, amelyet a világzene Oscarjaként is emlegetnek. Ezt követően Mónika Kossuth-díjban részesült. A tagok nagy része ezt a muzsikát anyanyelvével együtt sajátította el. A szülőktől tanult hagyományos cigány népdalokkal és saját számokkal és hangzásvilággal áll színpadra a zenekar.</p>

<p>Az idén 20 éves Romengo zenekar magyarországi oláh-cigány zenét játszik. Hazánk legrangosabb oláh-cigány zenekara azok után, hogy szólistájuk, Lakatos Mónika elnyerte a Womex életműdíját, amelyet a világzene Oscarjaként is emlegetnek. [&hellip;]</p>
